 5*y. Suppose y = -2*a + 2*h + 64, a + 12 = 2*a - 5*h. Is 14 a factor of a?
False
Let s(n) = -31*n - 10. Let i be s(-6). Let c = -117 + i. Does 30 divide c?
False
Is ((-22)/6)/(24/(-6048)) a multiple of 21?
True
Let v be 2/6 + (-20)/(-12). Let w be -1*1*(2 - v). Suppose 2*o + w*o - 18 = 0. Is 7 a factor of o?
False
Does 32 divide (-8)/(-18) - 9522/(-81)?
False
Let k be 11/(-11) + 2*2. Suppose 3*p + 2*p - 25 = 0, k*n - 4*p = 97. Is 13 a factor of n?
True
Suppose 5*y - 5*a + 25 = 0, -5*a = -y - 2*y - 7. Let d(s) = 2*s**2 - s - 8. Is d(y) a multiple of 23?
False
Let h(t) = -2*t - 4. Let r be 6 + 0 + 2/(-1). Let c be h(r). Is 4 a factor of c*1*(-1)/2?
False
Let d(j) = 87*j - 20. Is 80 a factor of d(2)?
False
Suppose 4*p - 5*r = 3 + 9, 4*p - 2*r = 0. Is 13 a factor of (-438)/p - (-1 - -6)?
False
Let c(p) = -p**2 - 3 - 28*p + 6*p**3 - 23*p + 55*p. Is c(1) a multiple of 3?
True
Suppose 0 = -5*k - 852 + 2672. Is 24 a factor of k?
False
Suppose -6 = -7*x + 8. Suppose 2*f = -2*i + 6, -3*i = 4*f - 8*i - 3. Suppose 4*t - x*c = 106, -4*t - f*c + 105 = -3*c. Is t a multiple of 7?
False
Does 7 divide (56/10)/((-6)/(-15))?
True
Let q(f) be the third derivative of -f**4/24 + 13*f**3/6 - 2*f**2. Is 5 a factor of q(8)?
True
Let g(c) = -130*c - 486. Is 54 a factor of g(-27)?
True
Let q(z) = -28*z - 158. Is 7 a factor of q(-34)?
False
Let r(j) = -j**2 - 6*j - 3. Let m be r(-4). Suppose -p - m*u = -135, 3*p + 4*u = p + 252. Is 10 a factor of p?
True
Let w = 7 - 13. Let r be 16/w*15/(-2). Let d = 1 + r. Is d a multiple of 16?
False
Let s be -2*(-2 + -2 + 7). Let m be -10*(2 + 1)/s. Suppose 0*v - v = -m*h - 45, -h - 63 = -2*v. Is 23 a factor of v?
False
Suppose 5*x + 17 = 37. Suppose 552 = 4*r + x*r. Does 24 divide r?
False
Let u = 78 + -237. Let k be 3/9 + 668/(-6). Let i = k - u. Is i a multiple of 12?
True
Let g = -353 + 790. Is g a multiple of 19?
True
Let o be 296/(-5)*15/(-2). Suppose -7*x = -11 - o. Does 65 divide x?
True
Let t = 597 - -31. Is 10 a factor of t?
False
Does 33 divide 2054 + (13 - (-1 - -9))?
False
Suppose 39*m = 25*m + 17822. Does 67 divide m?
True
Suppose -4*c - 5*x - 165 = 0, 3*c - 13 = 3*x - 130. Let q = 5 - 6. Is (2 + -3 - c) + q a multiple of 19?
True
Let b(g) = g**3 - 2*g**2 + g - 3. Let q be b(-3). Let o = q - -108. Does 15 divide o?
False
Suppose -5*t = n - 106, -4*n + 245 = -2*n - t. Let i = n - 85. Is i a multiple of 18?
True
Let b(y) = -y - 1. Let l be b(-3). Suppose 3*v - 154 = 4*n, -5*n + 26 + 57 = v. Suppose l*f + v = z - 0*f, z - 86 = -5*f. Is z a multiple of 22?
True
Suppose g = -2*c + 211, c = 3*c + 4*g - 220. Is c a multiple of 3?
False
Let v = 95 - 23. Let j = v + -49. Is 8 a factor of j?
False
Let w(n) = -69*n**2 - 3*n - 1. Let z(x) = 70*x**2 + 3*x + 2. Let m(d) = -4*w(d) - 3*z(d). Is m(1) a multiple of 12?
False
Let d(o) = -2*o + 4. Let m be d(0). Suppose -10 = -m*q - q. Suppose q*r - 4*l - 48 = -0*l, -r + 5*l + 24 = 0. Is 8 a factor of r?
True
Let z be 9/(-2)*332/(-6). Suppose p + z = 4*p. Is p a multiple of 20?
False
Let f(b) = 22*b + 1. Let n be f(-2). Let u = n + 73. Is 15 a factor of u?
True
Let w(d) = d**2 - 4*d - 2. Let t be 14*1/(-6)*-3. Is 4 a factor of w(t)?
False
Does 2 divide 15/12 + (-10269)/(-28)?
True
Let p be ((-3)/(-5) - 0) + (-6)/10. Suppose -3*j + 602 = 5*i, p = 9*j - 13*j + 5*i + 791. Is 12 a factor of j?
False
Suppose 0*s = s + k - 7, 5*s + k = 15. Suppose -a - s*a = -447. Suppose -3*v + a = 4*n, 3*n - 57 = -2*v + 42. Is v a multiple of 19?
False
Suppose -4*j = 12, -3*j + 4 = -5*c - j. Is 12 a factor of (11/(11/(-60)))/(c - -1)?
True
Let u be 578/14 + 24/(-84). Suppose 0*a - 4*t - 104 = -5*a, -t = -2*a + u. Suppose m + 3*m = a. Does 5 divide m?
True
Suppose 0 = -0*v - 7*v + 2576. Suppose 2*z - v - 16 = 0. Is 24 a factor of z?
True
Suppose 27*t - 6115 + 1633 = 0. Is 8 a factor of t?
False
Suppose 8*k - 9*k = -3. Is 13 a factor of 45 - ((1 - k) + 4)?
False
Is 25 a factor of (-366)/(-3) + -1 - (-44)/11?
True
Let z(y) = y**3 - 6*y**2 + 3*y - 1. Let v be z(6). Let w = v - 27. Let o = w + 16. Does 2 divide o?
True
Suppose -4*u = m + 5, 2*u - 15 = -3*u + 3*m. Suppose 0 = 3*g + 3*t + 2*t - 572, -g - 4*t + 179 = u. Does 10 divide g?
False
Let r(l) = 2*l + 1. Let c be r(13). Let t = 79 - c. Suppose -2*k + t = -0*k. Is 13 a factor of k?
True
Suppose 2*c + 2*c = -5*x + 32, -2 = c. Suppose -13 + x = -a. Suppose -a*n = -3*n - 140. Is n a multiple of 18?
False
Let l = 221 + 290. Is 4 a factor of l?
False
Let b = -26 - -27. Is (-2 + b)/(11/(-165)) a multiple of 3?
True
Let u be 2 - (3 - 4)*1. Suppose 5*d = -2*f + d + 132, -u*f - 5*d = -197. Is 16 a factor of f?
True
Let h = 33 + -60. Let s = h - -81. Does 18 divide s?
True
Does 12 divide ((-560)/42)/(1264/(-630) - -2)?
True
Suppose -26 - 14 = -n. Suppose 0*j + j - n = 0. Is 5 a factor of j?
True
Suppose 2*p + w = 4, -4*p - p - 3*w = -10. Let v(y) = y**2 - 2*y - 3. Let k be v(4). Suppose -k*h = -p*h - 63. Is 21 a factor of h?
True
Let a = 4347 - 2461. Does 82 divide a?
True
Suppose -5*t = -7*t - 38. Is 3 - (9/(-3) + t) a multiple of 6?
False
Suppose -b - 4*w - 916 = -5*b, w = 3*b - 683. Does 5 divide b?
False
Let y(l) = 32*l - 14*l - 16*l. Let r be y(0). Suppose -5*c = -r*c - 200. Is c a multiple of 7?
False
Let l(w) = -w**3 + 12*w**2 + 3*w - 15. Let j be l(12). Suppose -24*q = -j*q - 6. Suppose -b = -4*o - q*b + 381, 0 = 2*o + b - 191. Is 15 a factor of o?
False
Suppose -5*r - 9 = 21. Is 8 a factor of (-664)/(-12) - (-2)/r?
False
Let a(s) = 21 - 20 + 20*s**2 + 7*s - 6*s. Suppose -l - l = 2. Does 20 divide a(l)?
True
Suppose 0 = -4*g + t - 9, 2*g + 4*t - 6 = 12. Does 8 divide g + 8 + (1 - -4)/5?
True
Suppose 2*j = 4*j - 38. Let g = 27 - j. Is g a multiple of 3?
False
Does 50 divide ((-42)/9)/(11/(-198))?
False
Let z be ((-2)/(-6))/(4/24). Let i be ((-10)/(-4))/(z/4). Suppose -165 = -i*s - 0*s. Is s a multiple of 11?
True
Suppose 40 = 5*i - 55. Suppose 0 = c - 3*c - 22. Let r = i + c. Does 4 divide r?
True
Suppose 2*m = d + 1463, 5*m + 3*d - 728 = 4*m. Is 12 a factor of m?
False
Let g = -25 - -41. Suppose 5*q - 4*x - g + 5 = 0, 4 = 4*x. Suppose a + 81 = 4*k - 144, -159 = -q*k + 4*a. Is k a multiple of 19?
True
Let r = 613 - -949. Is 93 a factor of r?
False
Suppose 2*x = 3*z - 410, 34*x + 141 = z + 29*x. Does 17 divide z?
True
Let s(v) = -v**2 + 12*v - 15. Let n be s(9). Suppose b - 2*f - 3*f = -n, 2*f = 5*b - 32. Is 8 a factor of b?
True
Is 67 a factor of 330 - -2 - ((-3)/1 - 0)?
True
Suppose 4*h - 450 = -2*l, -206 - 129 = -3*h - l. Does 18 divide h?
False
Suppose -30*b - 8*b = -6612. Is b a multiple of 3?
True
Suppose 0 = -2*z - 2*s + 96, s + 2*s + 28 = z. Suppose 2*c - z = v - 10, -5*c + 82 = -2*v. Is c a multiple of 3?
False
Suppose 129 = -2*o + 13. Let a = 2 - o. Is 13 a factor of a?
False
Suppose 20043 = 64*j - 13*j. Is 71 a factor of j?
False
Let z = 248 - 132. Let b = 231 - z. Let v = -51 + b. Is 18 a factor of v?
False
Let i = 1062 - 250. Suppose -5*a - 2*r - i = 0, -5*r + 0*r - 5 = 0. Does 14 divide 1/(-4) + a/(-8)?
False
Suppose -3*x + 51 = -15. Let a = x + -1. Is a a multiple of 21?
True
Let o = 239 + 97. Is 61 a factor of o?
False
Let p(k) = k - 10. Let u be ((-3)/(-9))/(1/24). Let s be p(u). Is s*9/12*-22 a multiple of 12?
False
Let q(m) = 3*m**3 - 2*m**2 - 2*m + 1. Let j(i) = i - 1. Let a(x) = 6*j(x) + q(x). Is 37 a factor of a(3)?
False
Is 1/(5/7415 - 0) a multiple of 8?
False
Is 12/(-42) + 10510/35 a multiple of 12?
True
Let d(o) = 54*o - 27. Let t be d(8). Suppose 5*i + t = 4*r, 3*r + i - 143 = 156. Does 35 divide r?
False
Let z(t) = -t + 9. Let b be z(5). Suppose b = y + 3*y, -5 = -q - 4*y. Is 12 a factor of -4 + 3 + (q - -12)?
True
Let a(s) = 23*s**2 + 21*s + 40. Is a(-9) a multiple of 35?
False
Suppose 9*o - 1705 + 1012 = 0. Does 13 divide o?
False
Is 20 a factor of 1435 + -6 + -8 - (7 + 0)?
False
Let d(n) be the first derivative of 7*n**3/3 + 23*n**2/2 - 6*n - 8. Is d(-6) a multiple of 18?
True
Let z be 6/((-7)/(7/(-2))). Let y(c) = -8 - 11*c + z + 0*c. Does 11 divide y(-5)?
False
Let b be -1*(1 + (-4 - -3)). Suppose b = 3*o - 8*o + 80. Is 3 a factor of o?
False
Let j(n) be the second derivative of -4*n**3/3 + 3*n**2/2 - n. Let b(q) = q - 1. Let h(s) = 6*b(s) + 2*j(s). Is 6 a factor of h(-3)?
True
Let x(b) = 1262*b - 4 - 1262*b + 32*b**2. Does 21